i(-7).
-152
Let v(i) = -2*i**2 + 4591*i + 55406. Determine v(-12).
26
Let k(j) = -8071*j + 73984. Give k(9).
1345
Let h(l) = 8466*l - 33867. What is h(4)?
-3
Let r(k) = 6*k**3 - 1406*k**2 + 513*k - 10538. Give r(234).
-8
Let k(h) = -63*h**2 + 901*h - 3216. What is k(9)?
-210
Let x(c) = -48*c**2 + 131*c - 93. What is x(2)?
-23
Let m(o) = -5*o**3 + 66*o**2 + 713*o - 29. Give m(20).
631
Let u(f) = 808*f - 4893. Determine u(6).
-45
Let d(g) = 3*g**3 + 592*g**2 + 176*g - 3048. What is d(-197)?
1089
Let s(o) = 4007*o - 20598. Determine s(5).
-563
Let w(y) = -y**3 + 17*y**2 - 5936*y + 11810. What is w(2)?
-2
Let s(y) = 283*y - 5593. Determine s(16).
-1065
Let r(z) = -3457*z**2 - 93341*z - 42. Give r(-27).
12
Let l(o) = 1474*o - 31989. Give l(22).
439
Let f(m) = m**2 - 49*m - 15428. Give f(136).
-3596
Let h(z) = -5*z**3 - 17*z**2 - 788*z - 6399. Calculate h(-8).
1377
Let a(v) = -247524*v - 9. Calculate a(0).
-9
Let u(w) = 15*w**3 - 139*w**2 + 54*w - 6. Calculate u(9).
156
Let p(h) = 10219*h - 91965. What is p(9)?
6
Let k(y) = -14*y**2 - 145*y + 22. Give k(-12).
-254
Let v(q) = -312034*q - 936090. Give v(-3).
12
Let p(f) = -f**2 - 1246*f + 78492. What is p(59)?
1497
Let p(w) = 2*w**3 + 394*w**2 - 13620*w - 6. What is p(30)?
-6
Let r(t) = t**2 + 1224*t + 271476. Give r(-291).
-27
Let m(r) = r**3 + 172*r**2 - 1244*r + 1566. Give m(-179).
-45
Let t(u) = -3570*u + 55217. What is t(18)?
-9043
Let z(m) = 3489*m - 184903. Determine z(53).
14
Let x(m) = -342*m**2 + 327*m + 718. Calculate x(2).
4
Let w(i) = -i**2 + 19804*i + 3496333. Calculate w(-175).
8
Let a(l) = l**3 - 189*l**2 + 162*l + 5519. What is a(188)?
631
Let b(a) = 373*a - 230510. Calculate b(618).
4
Let f(c) = -6729*c + 242245. Calculate f(36).
1
Let g(q) = -1863*q + 19271. Determine g(9).
2504
Let q(h) = -613722*h - 1227450. Give q(-2).
-6
Let w(r) = -r**2 + 93*r - 773. Give w(83).
57
Let b(q) = -134932*q + 944560. Calculate b(7).
36
Let z(y) = -2032*y - 1424431. Calculate z(-701).
1
Let h(l) = -100*l**2 - 600*l - 2. What is h(-6)?
-2
Let s(i) = 67718*i + 6974907. What is s(-103)?
-47
Let i(k) = -k**2 - 565*k - 51924. Give i(-114).
-510
Let i(r) = 19755*r**2 + 691426*r + 8. Determine i(-35).
-27
Let n(k) = 8*k**3 + 403*k**2 + 144*k - 232. Give n(-50).
68
Let q(g) = 2*g**2 - 427*g - 2698. Give q(220).
162
Let p(s) = -18292*s - 274204. Give p(-15).
176
Let h(p) = -3*p**3 - 468*p**2 + 457*p - 2201. What is h(-157)?
-3
Let r(t) = -10*t**2 + 69*t + 131. Give r(-2).
-47
Let t(c) = -c**3 - 50*c**2 - 294*c + 482. What is t(-43)?
181
Let b(j) = -6*j**2 + 3795*j + 30799. Give b(-8).
55
Let o(f) = 161112*f + 4833345. What is o(-30)?
-15
Let p(j) = -2*j**2 - 75*j + 714. What is p(-49)?
-413
Let s(l) = 976*l + 4514. Determine s(-5).
-366
Let s(m) = -1312*m + 1267. Give s(1).
-45
Let b(t) = -6*t**3 + 355*t**2 - 392*t - 700. What is b(58)?
112
Let a(x) = -x**3 - x**2 + 2045*x - 6099. What is a(3)?
0
Let o(j) = 11*j**3 + 10*j**2 - 4*j - 114. Give o(4).
734
Let k(w) = -w**3 + 554*w**2 + 4473*w + 74. Determine k(-8).
258
Let n(r) = -r**3 - 38*r**2 + 46*r - 75. What is n(-39)?
-348
Let r(i) = -22*i**2 + 121*i + 16. What is r(1)?
115
Let h(b) = -3*b**3 + 431*b**2 + 1453*b - 326. Determine h(147).
-2825
Let c(g) = g**2 + 164973*g - 3464892. Give c(21).
-18
Let l(n) = n**3 - 12*n**2 - 647*n - 1807. Calculate l(33).
-289
Let b(z) = -z**3 + 11*z**2 + 11*z - 67. What is b(2)?
-9
Let g(f) = -f**2 - 1735*f - 196049. Determine g(-122).
737
Let h(c) = -1914*c - 5607. Determine h(-3).
135
Let y(n) = 38*n**2 - n - 37. Give y(0).
-37
Let a(u) = -2056*u + 522219. Calculate a(254).
-5
Let l(b) = -206*b + 11943. Determine l(58).
-5
Let h(b) = -302*b - 5327. What is h(-17)?
-193
Let t(z) = -253*z**3 - 2*z**2 + 82*z + 241. Give t(-3).
6808
Let r(s) = 36843*s - 589542. What is r(16)?
-54
Let i(d) = 4*d**3 + 173*d**2 - 4091*d - 49. Determine i(17).
53
Let v(o) = 18003*o - 1656294. Calculate v(92).
-18
Let c(q) = -3438*q + 275042. What is c(80)?
2
Let f(g) = g**3 + 2*g**2 + 7104*g - 35565. Determine f(5).
130
Let s(i) = 3408*i - 10254. Give s(3).
-30
Let t(f) = 214*f**2 + 4244*f - 752. Determine t(-20).
-32
Let k(i) = -11*i**3 - 50*i**2 + 10*i + 131. Determine k(-4).
-5
Let j(g) = -g**3 + 183*g**2 + 4740*g - 425. Calculate j(206).
-13
Let j(s) = -2*s**3 - 8*s**2 - 151*s - 107. Calculate j(-9).
2062
Let b(q) = 194099*q - 194131. Give b(1).
-32
Let z(d) = -159947*d + 6237933. Give z(39).
0
Let c(w) = 10*w**3 + 89*w**2 + 75*w + 56. Calculate c(-8).
32
Let g(d) = -d**2 + 121*d - 592. Determine g(95).
1878
Let g(t) = -947*t + 32152. Calculate g(34).
-46
Let y(n) = n**3 - 654*n**2 + 106725*n + 11880. Determine y(340).
-20
Let u(x) = x**3 - 63*x**2 + 907*x - 25. What is u(23)?
-324
Let n(o) = -o**3 + 57*o**2 - 131*o + 1120. Determine n(55).
-35
Let c(g) = 6*g**3 - 1499*g**2 - 6349*g - 263. What is c(254)?
-9
Let w(i) = -i**3 - 21*i**2 - 8*i + 175. What is w(-20)?
-65
Let a(m) = -181*m - 1566. Determine a(-10).
244
Let q(t) = 2*t**3 - 95*t**2 + 977*t - 697. What is q(33)?
-37
Let f(w) = w**3 + 62*w**2 - 645*w - 12. What is f(9)?
-66
Let c(y) = -183*y - 174048. Calculate c(-951).
-15
Let o(v) = -2*v**3 + 929*v**2 + 2491*v - 72855. What is o(467)?
-3
Let k(o) = -471*o - 45618. Determine k(-96).
-402
Let w(q) = -1970*q - 242294. Determine w(-123).
16
Let g(f) = -13*f**2 + 1089*f - 152. Calculate g(84).
-404
Let w(d) = -162*d**2 - 6556*d - 3044. What is w(-40)?
-4
Let q(f) = f**2 - 2503079*f - 25030883. Give q(-10).
7
Let o(c) = -c**2 - 401*c - 40054. Give o(-189).
14
Let v(n) = -n**2 - 492119*n - 20175195. What is v(-41)?
3
Let r(n) = 6*n**2 + 8682*n + 2485332. Give r(-1054).
0
Let p(k) = 1155*k - 86638. Calculate p(75).
-13
Let x(u) = -u**3 + 25*u**2 - 26*u - 110. What is x(4)?
122
Let y(t) = -21941*t + 680173. What is y(31)?
2
Let u(h) = -18*h**2 - 1620*h + 14. What is u(-90)?
14
Let c(m) = -2*m**3 + 50*m**2 + 56*m + 38. Give c(26).
142
Let u(h) = 7*h**3 + 133*h**2 + 4*h + 221. Give u(-19).
145
Let z(v) = -2*v**3 + 705*v**2 + 1494*v + 158. What is z(-2)?
6
Let l(s) = 783710*s + 13323068. Determine l(-17).
-2
Let n(l) = 5210*l + 52057. Determine n(-10).
-43
Let a(t) = t**2 + 23062*t - 6134469. Determine a(263).
6
Let x(y) = 893*y - 37759. What is x(43)?
640
Let f(p) = p**2 + 3262*p + 36. Give f(0).
36
Let j(h) = -6*h**2 + 867*h - 4191. What is j(5)?
-6
Let y(s) = -17085*s - 2528602. Calculate y(-148).
-22
Let d(c) = 3*c**3 + 2*c**2 + 75*c + 150. What is d(-7)?
-1306
Let i(q) = -q**2 - 5277*q - 188767. Calculate i(-36).
-91
Let j(w) = 5*w**3 - 4*w**2 + 29*w + 144. Give j(-5).
-726
Let h(d) = 34*d**2 - 96172*d + 96174. Give h(1).
36
Let u(h) = 28*h**2 + 968*h - 49062. What is u(28)?
-6
Let w(b) = -b**2 - 271701*b - 21186599. What is w(-78)?
-5
Let z(c) = -c**2 - 23243*c + 279187. Calculate z(12).
127
Let k(o) = 83*o**3 - 1177*o**2 + 222*o - 171. Determine k(14).
-3
Let i(a) = 1679*a - 21150. Calculate i(11).
-2681
Let y(m) = 3*m**2 + 3597*m - 47275. Calculate y(13).
-7
Let y(s) = 4548*s + 2756085. Determine y(-606).
-3
Let i(t) = 14*t**3 - 25*t**2 + 76*t + 10. What is i(3)?
391
Let f(u) = 4*u**3 - 3*u**2 + 65*u - 430. Calculate f(6).
716
Let f(w) = -w**3 + 224*w**2 + 522*w - 450. What is f(-3)?
27
Let s(a) = a**3 - 30*a**2 + 224*a - 1292. What is s(22)?
-236
Let u(k) = -7*k**2 - 342*k - 2058. Determine u(-42).
-42
Let l(h) = -2*h**3 - 157*h**2 + 85*h - 100. Give l(-79).
-574
Let s(v) = v**2 - 16211*v + 566152. Calculate s(35).
-8
Let m(p) = 102*p + 23956. Determine m(-242).
-728
Let j(n) = 10*n**3 + 294*n**2 - 4466*n + 23. Determine j(11).
-219
Let l(x) = 13*x**2 - 154*x + 347. Calculate l(9).
14
Let w(l) = l**3 + 66*l**2 - 917*l - 53093. What is w(-68)?
15
Let s(v) = v**3 - 141*v**2 - 481*v + 27883. What is s(143)?
-2
Let m(g) = 5*g**2 + 1333*g + 10069. What is m(-259)?
227
Let c(k) = 1303*k - 79490. Calculate c(61).
-7
Let a(l) = -24*l**3 - 325*l**2 - 647*l - 1. What is a(-2)?
185
Let y(g) = 3*g**3 + 2601*g**2 - 7841*g + 61. Give y(3).
28
Let p(t) = -5*t**2 + 1318*t - 35043. What is p(30)?
-3
Let l(d) = d**2 - 6243*d - 163398. Give l(-26).
-404
Let s(d) = 7*d**2 + 56527*d + 395342. Calculate s(-7).
-4
Let b(n) = n**3 + 158*n**2 + 5421*n + 1069. What is b(-50)?
19
Let j(w) = 9*w**3 - 51*w**2 - 108*w + 518. Calculate j(6).
-22
Let l(m) = m**3 